{"id":1293,"date":"2020-03-23T21:09:38","date_gmt":"2020-03-23T21:09:38","guid":{"rendered":"http:\/\/www.sitrack.cl\/portal\/?page_id=1293"},"modified":"2023-04-27T15:08:36","modified_gmt":"2023-04-27T15:08:36","slug":"telemetria-ican","status":"publish","type":"page","link":"https:\/\/www.sitrack.cl\/portal\/telemetria-ican\/","title":{"rendered":"Telemetr\u00eda iCAN 2020"},"content":{"rendered":"<p>[vc_section full_width=&#8221;stretch_row&#8221; css=&#8221;.vc_custom_1682608109492{background-image: url(http:\/\/www.sitrack.cl\/portal\/wp-content\/uploads\/sites\/3\/2023\/04\/imagehhh.jpg?id=1460) !important;background-position: center !important;background-repeat: no-repeat !important;background-size: cover !important;}&#8221; el_id=&#8221;banner-landing&#8221;][vc_row el_class=&#8221;boxer&#8221;][vc_column][vc_row_inner][vc_column_inner el_class=&#8221;texts-banner&#8221; width=&#8221;9\/12&#8243;][vc_column_text css_animation=&#8221;fadeIn&#8221; el_class=&#8221;texts-banner&#8221;]<\/p>\n<h1><strong>Telemetr\u00eda iCAN<\/strong><br \/>\nObt\u00e9n informaci\u00f3n del motor a trav\u00e9s de reportes gr\u00e1ficos sobre la conducci\u00f3n y consumo de combustible.<\/h1>\n<p><a class=\"btn\" href=\"#form-2\">Cont\u00e1ctanos<\/a>[\/vc_column_text][\/vc_column_inner][\/vc_row_inner][\/vc_column][\/vc_row][\/vc_section][vc_section full_width=&#8221;stretch_row&#8221; content_placement=&#8221;top&#8221; css_animation=&#8221;fadeIn&#8221; el_class=&#8221;parallax&#8221; el_id=&#8221;informacion-1-landing&#8221;][vc_row content_placement=&#8221;top&#8221; el_class=&#8221;boxer&#8221;][vc_column width=&#8221;1\/2&#8243; el_class=&#8221;column-izq&#8221;][vc_row_inner][vc_column_inner][vc_column_text css_animation=&#8221;fadeInLeft&#8221;]<\/p>\n<h2><strong>\u00bfPor qu\u00e9 iCAN?<\/strong><\/h2>\n<p>Es un dispositivo capaz de leer los datos de la ECM o ECU (Electronic Control Module) y enviarlos a la plataforma de Sitrack para el an\u00e1lisis de la informaci\u00f3n. Con la iCAN podemos tener las siguientes soluciones:<\/p>\n<ul>\n<li>Lector de datos para ECM J1939 (CAN) y J1708.<\/li>\n<li>Dispositivo capaz de integrar soluciones como <strong style=\"color: #6079e3; text-decoration: underline;\">VMD<\/strong> y Mobileye ya disponibles en la plataforma de Sitrack.<\/li>\n<li>Identificaci\u00f3n de conductores mediante dispositivos RFID.<\/li>\n<li>Control de Combustible (Preguntar por marca y modelo de unidades).<\/li>\n<\/ul>\n<p>[\/vc_column_text][\/vc_column_inner][\/vc_row_inner][\/vc_column][vc_column css_animation=&#8221;fadeInRight&#8221; width=&#8221;1\/2&#8243; el_class=&#8221;ordenador column-der&#8221;][vc_column_text css_animation=&#8221;fadeInLeft&#8221;]<img loading=\"lazy\" class=\"size-full wp-image-1157 aligncenter\" src=\"http:\/\/www.sitrack.cl\/portal\/wp-content\/uploads\/sites\/3\/2020\/01\/ican-png.png\" alt=\"\" width=\"626\" height=\"702\">[\/vc_column_text][\/vc_column][\/vc_row][\/vc_section][vc_section full_width=&#8221;stretch_row&#8221; css_animation=&#8221;fadeIn&#8221; el_id=&#8221;informacion-2-landing&#8221;][vc_row el_class=&#8221;boxer&#8221;][vc_column][vc_column_text]<\/p>\n<h2 style=\"text-align: center;\">Con iCAN podr\u00e1s consultar<\/h2>\n<p>[\/vc_column_text][\/vc_column][\/vc_row][vc_row el_class=&#8221;iconos cincoColumnas boxer&#8221;][vc_column width=&#8221;1\/12&#8243; el_class=&#8221;sinIcono&#8221;][\/vc_column][vc_column width=&#8221;1\/12&#8243; el_class=&#8221;conIcono&#8221;][vc_single_image source=&#8221;external_link&#8221; alignment=&#8221;center&#8221; custom_src=&#8221;\/\/www.sitrack.cl\/portal\/wp-content\/uploads\/sites\/3\/svg\/ican\/kilometraje-unidad.svg&#8221; el_class=&#8221;icon&#8221;][vc_column_text el_class=&#8221;text-d-icon&#8221;]<\/p>\n<p style=\"text-align: center;\">Kilometraje de la unidad<\/p>\n<p>[\/vc_column_text][\/vc_column][vc_column width=&#8221;1\/12&#8243; el_class=&#8221;conIcono&#8221;][vc_single_image source=&#8221;external_link&#8221; alignment=&#8221;center&#8221; custom_src=&#8221;\/\/www.sitrack.cl\/portal\/wp-content\/uploads\/sites\/3\/svg\/ican\/tiempo-motor.svg&#8221; el_class=&#8221;icon&#8221;][vc_column_text el_class=&#8221;text-d-icon&#8221;]<\/p>\n<p style=\"text-align: center;\">Tiempo de operaci\u00f3n del motor<\/p>\n<p>[\/vc_column_text][\/vc_column][vc_column width=&#8221;1\/12&#8243; el_class=&#8221;conIcono&#8221;][vc_single_image source=&#8221;external_link&#8221; alignment=&#8221;center&#8221; custom_src=&#8221;\/\/www.sitrack.cl\/portal\/wp-content\/uploads\/sites\/3\/svg\/ican\/rendimiento-unidad.svg&#8221; el_class=&#8221;icon&#8221;][vc_column_text el_class=&#8221;text-d-icon&#8221;]<\/p>\n<p style=\"text-align: center;\">Rendimiento de la unidad<\/p>\n<p>[\/vc_column_text][\/vc_column][vc_column width=&#8221;1\/12&#8243; el_class=&#8221;conIcono&#8221;][vc_single_image source=&#8221;external_link&#8221; custom_src=&#8221;\/\/www.sitrack.cl\/portal\/wp-content\/uploads\/sites\/3\/svg\/ican\/velocidad-1.svg&#8221; el_class=&#8221;icon&#8221;][vc_column_text el_class=&#8221;text-d-icon&#8221;]<\/p>\n<p style=\"text-align: center;\">Velocidad<\/p>\n<p>[\/vc_column_text][\/vc_column][vc_column width=&#8221;1\/12&#8243; el_class=&#8221;conIcono&#8221;][vc_single_image source=&#8221;external_link&#8221; alignment=&#8221;center&#8221; custom_src=&#8221;\/\/www.sitrack.cl\/portal\/wp-content\/uploads\/sites\/3\/svg\/ican\/comportamiento-manejo.svg&#8221; el_class=&#8221;icon&#8221;][vc_column_text el_class=&#8221;text-d-icon&#8221;]<\/p>\n<p style=\"text-align: center;\">Comportamiento en el manejo<\/p>\n<p>[\/vc_column_text][\/vc_column][vc_column width=&#8221;1\/12&#8243; el_class=&#8221;conIcono&#8221;][vc_single_image source=&#8221;external_link&#8221; alignment=&#8221;center&#8221; custom_src=&#8221;\/\/www.sitrack.cl\/portal\/wp-content\/uploads\/sites\/3\/svg\/ican\/presion-acelerador.svg&#8221; el_class=&#8221;icon&#8221;][vc_column_text el_class=&#8221;text-d-icon&#8221;]<\/p>\n<p style=\"text-align: center;\">Presi\u00f3n del acelerador<\/p>\n<p>[\/vc_column_text][\/vc_column][vc_column width=&#8221;1\/12&#8243; el_class=&#8221;conIcono&#8221;][vc_single_image source=&#8221;external_link&#8221; alignment=&#8221;center&#8221; custom_src=&#8221;\/\/www.sitrack.cl\/portal\/wp-content\/uploads\/sites\/3\/svg\/ican\/nivel-combustible.svg&#8221; el_class=&#8221;icon&#8221;][vc_column_text el_class=&#8221;text-d-icon&#8221;]<\/p>\n<p style=\"text-align: center;\">En algunos modelos nivel de combustible<\/p>\n<p>[\/vc_column_text][\/vc_column][vc_column width=&#8221;1\/12&#8243; el_class=&#8221;conIcono&#8221;][vc_single_image source=&#8221;external_link&#8221; alignment=&#8221;center&#8221; custom_src=&#8221;\/\/www.sitrack.cl\/portal\/wp-content\/uploads\/sites\/3\/svg\/ican\/rpm.svg&#8221; el_class=&#8221;icon&#8221;][vc_column_text el_class=&#8221;text-d-icon&#8221;]<\/p>\n<p style=\"text-align: center;\">RPM<\/p>\n<p>[\/vc_column_text][\/vc_column][vc_column width=&#8221;1\/12&#8243; el_class=&#8221;conIcono&#8221;][vc_single_image source=&#8221;external_link&#8221; alignment=&#8221;center&#8221; custom_src=&#8221;\/\/www.sitrack.cl\/portal\/wp-content\/uploads\/sites\/3\/svg\/ican\/temperatura.svg&#8221; el_class=&#8221;icon&#8221;][vc_column_text el_class=&#8221;text-d-icon&#8221;]<\/p>\n<p style=\"text-align: center;\">Temperatura<\/p>\n<p>[\/vc_column_text][\/vc_column][vc_column width=&#8221;1\/12&#8243; el_class=&#8221;sinIcono&#8221;][\/vc_column][vc_column width=&#8221;1\/12&#8243; el_class=&#8221;sinIcono&#8221;][\/vc_column][\/vc_row][\/vc_section][vc_section full_width=&#8221;stretch_row&#8221; css=&#8221;.vc_custom_1575558141350{background-color: #ffffff !important;background-position: center !important;background-repeat: no-repeat !important;background-size: cover !important;}&#8221; el_id=&#8221;informacion-3-landing&#8221;][vc_row css_animation=&#8221;none&#8221; el_class=&#8221;boxer&#8221;][vc_column width=&#8221;1\/2&#8243; el_class=&#8221;movil-efecto&#8221;][vc_single_image source=&#8221;external_link&#8221; alignment=&#8221;center&#8221; css_animation=&#8221;fadeInLeft&#8221; el_class=&#8221;efecto-landing-2&#8243; custom_src=&#8221;\/\/www.sitrack.cl\/portal\/wp-content\/uploads\/sites\/3\/2019\/12\/laptop-ican.png&#8221;][vc_row_inner content_placement=&#8221;middle&#8221;][vc_column_inner width=&#8221;1\/2&#8243;][\/vc_column_inner][\/vc_row_inner][\/vc_column][vc_column width=&#8221;1\/2&#8243; el_class=&#8221;full&#8221;][vc_column_text css_animation=&#8221;fadeInRight&#8221;]<\/p>\n<h2>Administraci\u00f3n de mantenimiento<\/h2>\n<p>Es una herramienta de la plataforma de Sitrack con la que se podr\u00e1n cargar y administrar los diversos mantenimientos de la unidad.<\/p>\n<ul>\n<li>Recibir <strong>recordatorios de mantenimientos<\/strong> pr\u00f3ximos.<\/li>\n<li>Conocer <strong>mantenimientos vencidos.<\/strong><\/li>\n<li>Analizar <strong>costos<\/strong> de cada mantenimiento.<\/li>\n<li><strong>Programar vencimientos<\/strong> como licencia de conductor.<\/li>\n<li>Analizar estado de mantenimiento de la flota.<\/li>\n<\/ul>\n<p><a class=\"btn\" href=\"#form-2\">M\u00e1s informaci\u00f3n<\/a>[\/vc_column_text][\/vc_column][\/vc_row][\/vc_section][vc_section full_width=&#8221;stretch_row&#8221; css_animation=&#8221;fadeIn&#8221; el_id=&#8221;informacion-4-landing&#8221;][vc_row][vc_column][vc_column_text]<\/p>\n<h2 style=\"text-align: center;\">Con iCAN podr\u00e1s consultar<\/h2>\n<p>[\/vc_column_text][\/vc_column][\/vc_row][vc_row el_class=&#8221;iconos cincoColumnas boxer&#8221;][vc_column width=&#8221;1\/4&#8243; el_class=&#8221;conIcono&#8221;][vc_single_image source=&#8221;external_link&#8221; alignment=&#8221;center&#8221; custom_src=&#8221;\/\/www.sitrack.cl\/portal\/wp-content\/uploads\/sites\/3\/svg\/ican\/reporte-gestion.svg&#8221; el_class=&#8221;icon&#8221;][vc_column_text el_class=&#8221;text-d-icon&#8221;]<\/p>\n<h4 style=\"text-align: center;\">Reporte de gesti\u00f3n<\/h4>\n<p style=\"text-align: center;\">Es una herramienta que brinda estad\u00edsticas, funciones de seguridad, operaci\u00f3n y carga de la unidad.<\/p>\n<p>[\/vc_column_text][\/vc_column][vc_column width=&#8221;1\/4&#8243; el_class=&#8221;conIcono&#8221;][vc_single_image source=&#8221;external_link&#8221; alignment=&#8221;center&#8221; custom_src=&#8221;\/\/www.sitrack.cl\/portal\/wp-content\/uploads\/sites\/3\/svg\/ican\/kilometraje.svg&#8221; el_class=&#8221;icon&#8221;][vc_column_text el_class=&#8221;text-d-icon&#8221;]<\/p>\n<h4 style=\"text-align: center;\">Kilometraje<\/h4>\n<p style=\"text-align: center;\">Brinda un an\u00e1lisis de los kil\u00f3metros recorridos durante un trayecto y lugares especiales.<\/p>\n<p>[\/vc_column_text][\/vc_column][vc_column width=&#8221;1\/4&#8243; el_class=&#8221;conIcono&#8221;][vc_single_image source=&#8221;external_link&#8221; alignment=&#8221;center&#8221; custom_src=&#8221;\/\/www.sitrack.cl\/portal\/wp-content\/uploads\/sites\/3\/svg\/ican\/tiempo.svg&#8221; el_class=&#8221;icon&#8221;][vc_column_text el_class=&#8221;text-d-icon&#8221;]<\/p>\n<h4 style=\"text-align: center;\">Tiempo<\/h4>\n<p style=\"text-align: center;\">Brinda un an\u00e1lisis referente a los tiempos en los estilos de conducci\u00f3n.<\/p>\n<p>[\/vc_column_text][\/vc_column][vc_column width=&#8221;1\/4&#8243; el_class=&#8221;conIcono&#8221;][vc_single_image source=&#8221;external_link&#8221; alignment=&#8221;center&#8221; custom_src=&#8221;\/\/www.sitrack.cl\/portal\/wp-content\/uploads\/sites\/3\/svg\/ican\/consumo.svg&#8221; el_class=&#8221;icon&#8221;][vc_column_text el_class=&#8221;text-d-icon&#8221;]<\/p>\n<h4 style=\"text-align: center;\">Consumo<\/h4>\n<p style=\"text-align: center;\">Hace un c\u00e1lculo del combustible utilizado durante el trayecto.<\/p>\n<p>[\/vc_column_text][\/vc_column][\/vc_row][vc_row el_class=&#8221;iconos cuatroColumnas boxer&#8221;][vc_column width=&#8221;1\/3&#8243; el_class=&#8221;conIcono&#8221;][vc_single_image source=&#8221;external_link&#8221; alignment=&#8221;center&#8221; custom_src=&#8221;\/\/www.sitrack.cl\/portal\/wp-content\/uploads\/sites\/3\/svg\/ican\/velocidad.svg&#8221; el_class=&#8221;icon&#8221;][vc_column_text el_class=&#8221;text-d-icon&#8221;]<\/p>\n<h4 style=\"text-align: center;\">Velocidad<\/h4>\n<p style=\"text-align: center;\">Analiza la velocidad de traslado.<\/p>\n<p>[\/vc_column_text][\/vc_column][vc_column width=&#8221;1\/3&#8243; el_class=&#8221;conIcono&#8221;][vc_single_image source=&#8221;external_link&#8221; alignment=&#8221;center&#8221; custom_src=&#8221;\/\/www.sitrack.cl\/portal\/wp-content\/uploads\/sites\/3\/svg\/ican\/cantidad-eventos.svg&#8221; el_class=&#8221;icon&#8221;][vc_column_text el_class=&#8221;text-d-icon&#8221;]<\/p>\n<h4 style=\"text-align: center;\">Cantidad de eventos<\/h4>\n<p style=\"text-align: center;\">Hace un recuento de la cantidad de veces que la unidad se detuvo y\/o excedi\u00f3 el l\u00edmite de velocidad y los muestra en una tabla o mapa.<\/p>\n<p>[\/vc_column_text][\/vc_column][vc_column width=&#8221;1\/3&#8243; el_class=&#8221;conIcono&#8221;][vc_single_image source=&#8221;external_link&#8221; alignment=&#8221;center&#8221; custom_src=&#8221;\/\/www.sitrack.cl\/portal\/wp-content\/uploads\/sites\/3\/svg\/ican\/opciones-graficas.svg&#8221; el_class=&#8221;icon&#8221;][vc_column_text el_class=&#8221;text-d-icon&#8221;]<\/p>\n<h4 style=\"text-align: center;\">Opciones gr\u00e1ficas<\/h4>\n<p style=\"text-align: center;\">Posibilidad de crear tus propios dashboards.<\/p>\n<p>[\/vc_column_text][\/vc_column][\/vc_row][\/vc_section][vc_section full_width=&#8221;stretch_row&#8221; css=&#8221;.vc_custom_1586194212548{background-image: url(\/\/www.sitrack.cl\/portal\/wp-content\/uploads\/sites\/3\/2019\/11\/fondo-formulario.jpg?id=1024) !important;background-position: center !important;background-repeat: no-repeat !important;background-size: cover !important;}&#8221; el_id=&#8221;formulario-landing&#8221; el_class=&#8221;parallax  mPS2id-target&#8221;][vc_row css_animation=&#8221;fadeIn&#8221; el_id=&#8221;formulario&#8221; el_class=&#8221;boxer&#8221;][vc_column width=&#8221;1\/3&#8243;][vc_row_inner el_class=&#8221;col-50&#8243;][vc_column_inner width=&#8221;1\/12&#8243;][\/vc_column_inner][vc_column_inner width=&#8221;1\/12&#8243;][\/vc_column_inner][\/vc_row_inner][\/vc_column][vc_column width=&#8221;1\/3&#8243; el_class=&#8221;col-50&#8243;][vc_column_text]<\/p>\n<div id=\"form-2\"><\/div>\n<h2 style=\"text-align: center;\">\u00a1Nosotros te asesoramos!<\/h2>\n<p>[\/vc_column_text][vc_raw_html]JTNDJTIxLS0lNUJpZiUyMGx0ZSUyMElFJTIwOCU1RCUzRSUwQSUzQ3NjcmlwdCUyMGNoYXJzZXQlM0QlMjJ1dGYtOCUyMiUyMHR5cGUlM0QlMjJ0ZXh0JTJGamF2YXNjcmlwdCUyMiUyMHNyYyUzRCUyMiUyRiUyRmpzLmhzZm9ybXMubmV0JTJGZm9ybXMlMkZ2Mi1sZWdhY3kuanMlMjIlM0UlM0MlMkZzY3JpcHQlM0UlMEElM0MlMjElNUJlbmRpZiU1RC0tJTNFJTBBJTNDc2NyaXB0JTIwY2hhcnNldCUzRCUyMnV0Zi04JTIyJTIwdHlwZSUzRCUyMnRleHQlMkZqYXZhc2NyaXB0JTIyJTIwc3JjJTNEJTIyJTJGJTJGanMuaHNmb3Jtcy5uZXQlMkZmb3JtcyUyRnYyLmpzJTIyJTNFJTNDJTJGc2NyaXB0JTNFJTBBJTNDc2NyaXB0JTNFJTBBJTIwJTIwaGJzcHQuZm9ybXMuY3JlYXRlJTI4JTdCJTBBJTA5cG9ydGFsSWQlM0ElMjAlMjIyNDI3MTIxJTIyJTJDJTBBJTA5Zm9ybUlkJTNBJTIwJTIyZDlmODE2NmYtOTgwYS00ZjA4LTk3MTMtZDY0ZDVhNGE0ZDU0JTIyJTBBJTdEJTI5JTNCJTBBJTNDJTJGc2NyaXB0JTNF[\/vc_raw_html][\/vc_column][vc_column width=&#8221;1\/3&#8243;][vc_raw_html]JTNDc2NyaXB0JTNFJTBBalF1ZXJ5JTI4ZG9jdW1lbnQlMjkucmVhZHklMjhmdW5jdGlvbiUyOCUyNCUyOSU3QiUwQSUyMCUyMCUyMCUyMHZhciUyMCUyNHJvb3QlMjAlM0QlMjAlMjQlMjglMjdodG1sJTJDJTIwYm9keSUyNyUyOSUzQiUwQSUyMCUyMCUyMCUyMCUyNCUyOCUyN2ElNUJocmVmJTVFJTNEJTIyJTIzJTIyJTVEJTI3JTI5LmNsaWNrJTI4ZnVuY3Rpb24lMjglMjklMjAlN0IlMEElMjAlMjAlMjAlMjAlMjAlMjAlMjAlMjB2YXIlMjBocmVmJTIwJTNEJTIwJTI0LmF0dHIlMjh0aGlzJTJDJTIwJTI3aHJlZiUyNyUyOSUzQiUwQSUyMCUyMCUyMCUyMCUyMCUyMCUyMCUyMCUyNHJvb3QuYW5pbWF0ZSUyOCU3QiUwQSUyMCUyMCUyMCUyMCUyMCUyMCUyMCUyMCUyMCUyMCUyMCUyMHNjcm9sbFRvcCUzQSUyMCUyNCUyOGhyZWYlMjkub2Zmc2V0JTI4JTI5LnRvcCUwQSUyMCUyMCUyMCUyMCUyMCUyMCUyMCUyMCU3RCUyQyUyMDUwMCUyQyUyMGZ1bmN0aW9uJTIwJTI4JTI5JTIwJTdCJTBBJTIwJTIwJTIwJTIwJTIwJTIwJTIwJTIwJTIwJTIwJTIwJTIwd2luZG93LmxvY2F0aW9uLmhhc2glMjAlM0QlMjBocmVmJTNCJTBBJTIwJTIwJTIwJTIwJTIwJTIwJTIwJTIwJTdEJTI5JTNCJTBBJTIwJTIwJTIwJTIwJTIwJTIwJTIwJTIwJTIwJTBBJTIwJTIwJTIwJTIwJTIwJTIwJTIwJTIwcmV0dXJuJTIwZmFsc2UlM0IlMEElMjAlMjAlMjAlMjAlN0QlMjklM0IlMEElMjAlMEElN0QlMjklMEElM0MlMkZzY3JpcHQlM0U=[\/vc_raw_html][\/vc_column][\/vc_row][\/vc_section][vc_row][vc_column][\/vc_column][\/vc_row]<\/p>\n","protected":false},"excerpt":{"rendered":"[vc_section full_width=&#8221;stretch_row&#8221; css=&#8221;.vc_custom_1682608109492{background-image: url(http:\/\/www.sitrack.cl\/portal\/wp-content\/uploads\/sites\/3\/2023\/04\/imagehhh.jpg?id=1460) !important;background-position: center !important;background-repeat: no-repeat !important;background-size: cover !important;}&#8221; el_id=&#8221;banner-landing&#8221;][vc_row el_class=&#8221;boxer&#8221;][vc_column][vc_row_inner][vc_column_inner el_class=&#8221;texts-banner&#8221; width=&#8221;9\/12&#8243;][vc_column_text css_animation=&#8221;fadeIn&#8221; el_class=&#8221;texts-banner&#8221;] Telemetr\u00eda iCAN Obt\u00e9n informaci\u00f3n del motor a trav\u00e9s de reportes gr\u00e1ficos sobre la conducci\u00f3n y consumo de combustible. Cont\u00e1ctanos[\/vc_column_text][\/vc_column_inner][\/vc_row_inner][\/vc_column][\/vc_row][\/vc_section][vc_section full_width=&#8221;stretch_row&#8221; content_placement=&#8221;top&#8221; css_animation=&#8221;fadeIn&#8221; el_class=&#8221;parallax&#8221; el_id=&#8221;informacion-1-landing&#8221;][vc_row content_placement=&#8221;top&#8221; el_class=&#8221;boxer&#8221;][vc_column width=&#8221;1\/2&#8243; el_class=&#8221;column-izq&#8221;][vc_row_inner][vc_column_inner][vc_column_text css_animation=&#8221;fadeInLeft&#8221;] \u00bfPor qu\u00e9 iCAN? Es un dispositivo capaz de leer&#8230; <a class=\"view-article\" href=\"https:\/\/www.sitrack.cl\/portal\/telemetria-ican\/\">Ver art\u00edculo<\/a>","protected":false},"author":1,"featured_media":0,"parent":0,"menu_order":0,"comment_status":"closed","ping_status":"closed","template":"plantilla-landing-iCAN.php","meta":[],"yoast_head":"<!-- This site is optimized with the Yoast SEO plugin v15.5 - https:\/\/yoast.com\/wordpress\/plugins\/seo\/ -->\n<meta name=\"description\" content=\"Es un dispositivo capaz de leer los datos de la ECM o ECU y enviarlos a la plataforma de Sitrack para el an\u00e1lisis de la informaci\u00f3n.\" \/>\n<meta name=\"robots\" content=\"index, follow, max-snippet:-1, max-image-preview:large, max-video-preview:-1\" \/>\n<link rel=\"canonical\" href=\"https:\/\/www.sitrack.cl\/portal\/telemetria-ican\/\" \/>\n<meta property=\"og:locale\" content=\"es_ES\" \/>\n<meta property=\"og:type\" content=\"article\" \/>\n<meta property=\"og:title\" content=\"Telemetr\u00eda iCAN | Sitrack Chile\" \/>\n<meta property=\"og:description\" content=\"Es un dispositivo capaz de leer los datos de la ECM o ECU y enviarlos a la plataforma de Sitrack para el an\u00e1lisis de la informaci\u00f3n.\" \/>\n<meta property=\"og:url\" content=\"https:\/\/www.sitrack.cl\/portal\/telemetria-ican\/\" \/>\n<meta property=\"og:site_name\" content=\"Sitrack Chile\" \/>\n<meta property=\"article:modified_time\" content=\"2023-04-27T15:08:36+00:00\" \/>\n<meta property=\"og:image\" content=\"http:\/\/www.sitrack.cl\/portal\/wp-content\/uploads\/sites\/3\/2020\/01\/ican-png.png\" \/>\n<meta name=\"twitter:card\" content=\"summary\" \/>\n<meta name=\"twitter:label1\" content=\"Est. reading time\">\n\t<meta name=\"twitter:data1\" content=\"6 minutes\">\n<script type=\"application\/ld+json\" class=\"yoast-schema-graph\">{\"@context\":\"https:\/\/schema.org\",\"@graph\":[{\"@type\":\"WebSite\",\"@id\":\"https:\/\/www.sitrack.cl\/portal\/#website\",\"url\":\"https:\/\/www.sitrack.cl\/portal\/\",\"name\":\"Sitrack Chile\",\"description\":\"Soluciones Inteligentes\",\"potentialAction\":[{\"@type\":\"SearchAction\",\"target\":\"https:\/\/www.sitrack.cl\/portal\/?s={search_term_string}\",\"query-input\":\"required name=search_term_string\"}],\"inLanguage\":\"es-CL\"},{\"@type\":\"ImageObject\",\"@id\":\"https:\/\/www.sitrack.cl\/portal\/telemetria-ican\/#primaryimage\",\"inLanguage\":\"es-CL\",\"url\":\"http:\/\/www.sitrack.cl\/portal\/wp-content\/uploads\/sites\/3\/2020\/01\/ican-png.png\"},{\"@type\":\"WebPage\",\"@id\":\"https:\/\/www.sitrack.cl\/portal\/telemetria-ican\/#webpage\",\"url\":\"https:\/\/www.sitrack.cl\/portal\/telemetria-ican\/\",\"name\":\"Telemetr\\u00eda iCAN | Sitrack Chile\",\"isPartOf\":{\"@id\":\"https:\/\/www.sitrack.cl\/portal\/#website\"},\"primaryImageOfPage\":{\"@id\":\"https:\/\/www.sitrack.cl\/portal\/telemetria-ican\/#primaryimage\"},\"datePublished\":\"2020-03-23T21:09:38+00:00\",\"dateModified\":\"2023-04-27T15:08:36+00:00\",\"description\":\"Es un dispositivo capaz de leer los datos de la ECM o ECU y enviarlos a la plataforma de Sitrack para el an\\u00e1lisis de la informaci\\u00f3n.\",\"inLanguage\":\"es-CL\",\"potentialAction\":[{\"@type\":\"ReadAction\",\"target\":[\"https:\/\/www.sitrack.cl\/portal\/telemetria-ican\/\"]}]}]}<\/script>\n<!-- \/ Yoast SEO plugin. -->","_links":{"self":[{"href":"https:\/\/www.sitrack.cl\/portal\/wp-json\/wp\/v2\/pages\/1293"}],"collection":[{"href":"https:\/\/www.sitrack.cl\/portal\/wp-json\/wp\/v2\/pages"}],"about":[{"href":"https:\/\/www.sitrack.cl\/portal\/wp-json\/wp\/v2\/types\/page"}],"author":[{"embeddable":true,"href":"https:\/\/www.sitrack.cl\/portal\/wp-json\/wp\/v2\/users\/1"}],"replies":[{"embeddable":true,"href":"https:\/\/www.sitrack.cl\/portal\/wp-json\/wp\/v2\/comments?post=1293"}],"version-history":[{"count":11,"href":"https:\/\/www.sitrack.cl\/portal\/wp-json\/wp\/v2\/pages\/1293\/revisions"}],"predecessor-version":[{"id":1462,"href":"https:\/\/www.sitrack.cl\/portal\/wp-json\/wp\/v2\/pages\/1293\/revisions\/1462"}],"wp:attachment":[{"href":"https:\/\/www.sitrack.cl\/portal\/wp-json\/wp\/v2\/media?parent=1293"}],"curies":[{"name":"wp","href":"https:\/\/api.w.org\/{rel}","templated":true}]}}