{"id":1399,"date":"2023-04-10T15:29:11","date_gmt":"2023-04-10T15:29:11","guid":{"rendered":"http:\/\/www.sitrack.cl\/portal\/?page_id=1399"},"modified":"2023-05-08T21:31:39","modified_gmt":"2023-05-08T21:31:39","slug":"control-de-somnolencia-y-distracciones","status":"publish","type":"page","link":"https:\/\/www.sitrack.cl\/portal\/control-de-somnolencia-y-distracciones\/","title":{"rendered":"CONTROL DE SOMNOLENCIA Y DISTRACCIONES"},"content":{"rendered":"<p>[vc_section full_width=&#8221;stretch_row&#8221; css=&#8221;.vc_custom_1681141171252{background-image: url(http:\/\/www.sitrack.cl\/portal\/wp-content\/uploads\/sites\/3\/2023\/04\/fondo-landinng.jpg?id=1402) !important;background-position: center !important;background-repeat: no-repeat !important;background-size: cover !important;}&#8221; el_id=&#8221;banner-landing&#8221;][vc_row el_class=&#8221;boxer&#8221;][vc_column][vc_row_inner][vc_column_inner width=&#8221;3\/4&#8243;][vc_column_text css_animation=&#8221;fadeIn&#8221;]<\/p>\n<h1><strong>CONTROL DE SOMNOLENCIA Y DISTRACCIONES<\/strong><\/h1>\n<h2>Mejora la seguridad en la conducci\u00f3n, implementando tecnolog\u00eda de \u00faltimo nivel que te permitir\u00e1 evitar accidentes.<\/h2>\n<p><a class=\"btn\" href=\"#form-2\">Contactar<\/a>[\/vc_column_text][\/vc_column_inner][vc_column_inner width=&#8221;1\/4&#8243;][\/vc_column_inner][\/vc_row_inner][\/vc_column][\/vc_row][\/vc_section][vc_section full_width=&#8221;stretch_row&#8221; css=&#8221;.vc_custom_1574428208934{background-color: #ffffff !important;background-position: center !important;background-repeat: no-repeat !important;background-size: cover !important;}&#8221; el_id=&#8221;informacion-1-landing&#8221;][vc_row content_placement=&#8221;middle&#8221; el_class=&#8221;boxer&#8221;][vc_column width=&#8221;7\/12&#8243;][vc_row_inner][vc_column_inner][vc_column_text css_animation=&#8221;fadeInLeft&#8221;]<\/p>\n<h2><strong>Sistema \u00fanico de seguridad para detectar somnolencia y distracciones en la conducci\u00f3n<\/strong><\/h2>\n<h2>Sensor de Somnolencia + Display Audiovisual de Alertas a conductor<\/h2>\n<p>El sistema analiza permanentemente el rostro del conductor detectando comportamientos riesgosos. Cuando esto sucede, se activa una alerta visual y sonora en cabina previniendo al conductor de posibles accidentes.<\/p>\n<p>Estas se\u00f1ales tambi\u00e9n son enviadas en tiempo real al servidor para registro del encargado de la flota.[\/vc_column_text][\/vc_column_inner][\/vc_row_inner][\/vc_column][vc_column css_animation=&#8221;fadeInRight&#8221; width=&#8221;5\/12&#8243; offset=&#8221;vc_hidden-sm vc_hidden-xs&#8221;][vc_single_image image=&#8221;1422&#8243; img_size=&#8221;full&#8221;][\/vc_column][\/vc_row][\/vc_section][vc_section full_width=&#8221;stretch_row&#8221; css=&#8221;.vc_custom_1681183342383{margin: 0px !important;padding: 0px !important;background-color: #ffffff !important;background-position: center !important;background-repeat: no-repeat !important;background-size: cover !important;border: 0px initial !important;}&#8221; el_id=&#8221;Por_que_elegirlo&#8221;][vc_row content_placement=&#8221;middle&#8221; css=&#8221;.vc_custom_1681186591333{padding-top: 35px !important;padding-bottom: 35px !important;background-color: #ffffff !important;}&#8221;][vc_column css_animation=&#8221;fadeInLeft&#8221; offset=&#8221;vc_hidden-sm vc_hidden-xs&#8221; el_class=&#8221;boxer&#8221;][\/vc_column][\/vc_row][vc_row css=&#8221;.vc_custom_1681182979791{background-color: #04a2bc !important;}&#8221;][vc_column el_class=&#8221;boxer&#8221;][vc_row_inner][vc_column_inner width=&#8221;5\/12&#8243;][vc_single_image image=&#8221;1412&#8243; img_size=&#8221;full&#8221; alignment=&#8221;center&#8221; css_animation=&#8221;fadeInLeft&#8221;][\/vc_column_inner][vc_column_inner width=&#8221;7\/12&#8243;][vc_column_text css_animation=&#8221;fadeInRight&#8221;]<\/p>\n<h2><strong>\u00bfPor qu\u00e9 elegirlo? <\/strong><\/h2>\n<h3><strong>24%<\/strong> de los accidentes de tr\u00e1nsito,<br \/>\nson <strong>causados por falta de descanso.<\/strong><\/h3>\n<p style=\"text-align: right;\"><span style=\"color: #ffffff;\"><strong>Facultad de Psicolog\u00eda de U. de Talca<\/strong><\/span><\/p>\n<p>[\/vc_column_text][\/vc_column_inner][\/vc_row_inner][\/vc_column][\/vc_row][\/vc_section][vc_section full_width=&#8221;stretch_row&#8221; css_animation=&#8221;fadeIn&#8221; el_id=&#8221;informacion-10-landing&#8221;][vc_row][vc_column][vc_column_text css_animation=&#8221;fadeInUp&#8221; css=&#8221;.vc_custom_1681186705836{padding-bottom: 70px !important;}&#8221;]<\/p>\n<h2 style=\"text-align: center;\">Nuestro sistema ofrece:<\/h2>\n<p>[\/vc_column_text][\/vc_column][\/vc_row][vc_row el_class=&#8221;iconos cincoColumnas boxer&#8221;][vc_column css_animation=&#8221;fadeInUp&#8221; width=&#8221;1\/4&#8243; el_class=&#8221;conIcono&#8221;][vc_single_image source=&#8221;external_link&#8221; alignment=&#8221;center&#8221; custom_src=&#8221;\/\/www.sitrack.cl\/portal\/2023\/Frenado_autonomo_de_emergencia.svg&#8221; el_class=&#8221;icon&#8221;][vc_column_text el_class=&#8221;text-d-icon&#8221;]<\/p>\n<h4 style=\"text-align: center;\">Pr\u00f3ximo a colisi\u00f3n Frontal<\/h4>\n<p style=\"text-align: center;\">Capaz de detectar la proximidad a otro veh\u00edculo en la direcci\u00f3n frontal y alertar al conductor en caso de una posible colisi\u00f3n.<\/p>\n<p>[\/vc_column_text][\/vc_column][vc_column css_animation=&#8221;fadeInUp&#8221; width=&#8221;1\/4&#8243; el_class=&#8221;conIcono&#8221;][vc_single_image source=&#8221;external_link&#8221; alignment=&#8221;center&#8221; custom_src=&#8221;\/\/www.sitrack.cl\/portal\/2023\/Deteccion_de_fatiga.svg&#8221; el_class=&#8221;icon&#8221;][vc_column_text el_class=&#8221;text-d-icon&#8221;]<\/p>\n<h4 style=\"text-align: center;\">Detecci\u00f3n de fatiga<\/h4>\n<p style=\"text-align: center;\">Alerta directa en la cabina y a la central, en caso de que el conductor presente s\u00edntomas de fatiga o somnolencia.<\/p>\n<p>[\/vc_column_text][\/vc_column][vc_column css_animation=&#8221;fadeInUp&#8221; width=&#8221;1\/4&#8243; el_class=&#8221;conIcono&#8221;][vc_single_image source=&#8221;external_link&#8221; alignment=&#8221;center&#8221; custom_src=&#8221;\/\/www.sitrack.cl\/portal\/2023\/Deteccion_de_angulo_muerto.svg&#8221; el_class=&#8221;icon&#8221;][vc_column_text el_class=&#8221;text-d-icon&#8221;]<\/p>\n<h4 style=\"text-align: center;\">Detecci\u00f3n salida de carril<\/h4>\n<p style=\"text-align: center;\">Detecta cuando el veh\u00edculo se sale del carril, generando una alerta para recuperar la trayectoria.<\/p>\n<p>[\/vc_column_text][\/vc_column][vc_column css_animation=&#8221;fadeInUp&#8221; width=&#8221;1\/4&#8243; el_class=&#8221;conIcono&#8221;][vc_single_image source=&#8221;external_link&#8221; alignment=&#8221;center&#8221; custom_src=&#8221;\/\/www.sitrack.cl\/portal\/2023\/Alerta_de_trafico_cruzado.svg&#8221; el_class=&#8221;icon&#8221;][vc_column_text el_class=&#8221;text-d-icon&#8221;]<\/p>\n<h4 style=\"text-align: center;\">Proximidad a veh\u00edculo delantero<\/h4>\n<p style=\"text-align: center;\">Detecta la distancia entre el veh\u00edculo y el que se encuentra delante de \u00e9l, alertando al conductor en caso de que se acerque demasiado.<\/p>\n<p>[\/vc_column_text][\/vc_column][\/vc_row][\/vc_section][vc_section full_width=&#8221;stretch_row&#8221; css=&#8221;.vc_custom_1681161489181{background-color: #f7f8fa !important;background-position: center !important;background-repeat: no-repeat !important;background-size: cover !important;}&#8221; el_id=&#8221;informacion-11-landing&#8221;][vc_row css_animation=&#8221;none&#8221; el_class=&#8221;boxer&#8221;][vc_column width=&#8221;1\/2&#8243; el_class=&#8221;full&#8221;][vc_column_text css_animation=&#8221;fadeInLeft&#8221;]<\/p>\n<h2><strong>Display de alertas<\/strong><\/h2>\n<h3>El valor agregado de nuestro sistema<\/h3>\n<p><strong>Recibe se\u00f1ales en tiempo real en caso de:<\/strong><\/p>\n<ul>\n<li>Detecci\u00f3n de somnolencia.<\/li>\n<li>Detecci\u00f3n de tel\u00e9fono celular.<\/li>\n<li>Detecci\u00f3n de cigarrillo.<\/li>\n<li>Detecci\u00f3n de distracci\u00f3n.<\/li>\n<li>Conductor no visible.<\/li>\n<\/ul>\n<p>[\/vc_column_text][\/vc_column][vc_column width=&#8221;1\/2&#8243;][vc_single_image image=&#8221;1420&#8243; img_size=&#8221;full&#8221; alignment=&#8221;center&#8221; css_animation=&#8221;fadeInRight&#8221;][\/vc_column][\/vc_row][\/vc_section][vc_section full_width=&#8221;stretch_row&#8221; css_animation=&#8221;fadeIn&#8221; css=&#8221;.vc_custom_1681220385807{padding-top: 70px !important;padding-bottom: 100px !important;}&#8221; el_id=&#8221;informacion-12-landing&#8221;][vc_row el_class=&#8221;boxer&#8221;][vc_column][vc_column_text]<\/p>\n<h2 style=\"text-align: center;\">Mant\u00e9n a tus conductores y a tu flota<br \/>\nseguros con <strong>tecnolog\u00eda ADAS<\/strong><\/h2>\n<p>[\/vc_column_text][\/vc_column][\/vc_row][\/vc_section][vc_section full_width=&#8221;stretch_row&#8221; css=&#8221;.vc_custom_1574451915221{background-image: url(http:\/\/www.sitrack.cl\/portal\/wp-content\/uploads\/sites\/3\/2019\/11\/fondo-formulario.jpg?id=1024) !important;background-position: center !important;background-repeat: no-repeat !important;background-size: cover !important;}&#8221; el_id=&#8221;formulario-landing&#8221; el_class=&#8221;parallax&#8221;][vc_row css_animation=&#8221;fadeIn&#8221; el_class=&#8221;boxer&#8221;][vc_column width=&#8221;1\/3&#8243;][vc_row_inner el_class=&#8221;col-50&#8243;][vc_column_inner width=&#8221;1\/12&#8243;][\/vc_column_inner][vc_column_inner width=&#8221;1\/12&#8243;][\/vc_column_inner][\/vc_row_inner][\/vc_column][vc_column width=&#8221;1\/3&#8243; el_class=&#8221;col-50&#8243;][vc_column_text]<\/p>\n<div id=\"form-2\"><\/div>\n<h2 style=\"text-align: center;\">\u00a1Nosotros te asesoramos!<\/h2>\n<p>[\/vc_column_text][vc_raw_html]JTNDJTIxLS0lNUJpZiUyMGx0ZSUyMElFJTIwOCU1RCUzRSUwQSUzQ3NjcmlwdCUyMGNoYXJzZXQlM0QlMjJ1dGYtOCUyMiUyMHR5cGUlM0QlMjJ0ZXh0JTJGamF2YXNjcmlwdCUyMiUyMHNyYyUzRCUyMiUyRiUyRmpzLmhzZm9ybXMubmV0JTJGZm9ybXMlMkZ2Mi1sZWdhY3kuanMlMjIlM0UlM0MlMkZzY3JpcHQlM0UlMEElM0MlMjElNUJlbmRpZiU1RC0tJTNFJTBBJTNDc2NyaXB0JTIwY2hhcnNldCUzRCUyMnV0Zi04JTIyJTIwdHlwZSUzRCUyMnRleHQlMkZqYXZhc2NyaXB0JTIyJTIwc3JjJTNEJTIyJTJGJTJGanMuaHNmb3Jtcy5uZXQlMkZmb3JtcyUyRnYyLmpzJTIyJTNFJTNDJTJGc2NyaXB0JTNFJTBBJTNDc2NyaXB0JTNFJTBBJTIwJTIwaGJzcHQuZm9ybXMuY3JlYXRlJTI4JTdCJTBBJTA5cG9ydGFsSWQlM0ElMjAlMjIyNDI3MTIxJTIyJTJDJTBBJTA5Zm9ybUlkJTNBJTIwJTIyZWE2YTkyZTEtMDlhZC00ZGEwLWJkNjItMGE1Y2UxYjZhNGZlJTIyJTBBJTdEJTI5JTNCJTBBJTNDJTJGc2NyaXB0JTNF[\/vc_raw_html][\/vc_column][vc_column width=&#8221;1\/3&#8243;][vc_raw_html]JTNDc2NyaXB0JTNFJTBBalF1ZXJ5JTI4ZG9jdW1lbnQlMjkucmVhZHklMjhmdW5jdGlvbiUyOCUyNCUyOSU3QiUwQSUyMCUyMCUyMCUyMHZhciUyMCUyNHJvb3QlMjAlM0QlMjAlMjQlMjglMjdodG1sJTJDJTIwYm9keSUyNyUyOSUzQiUwQSUyMCUyMCUyMCUyMCUyNCUyOCUyN2ElNUJocmVmJTVFJTNEJTIyJTIzJTIyJTVEJTI3JTI5LmNsaWNrJTI4ZnVuY3Rpb24lMjglMjklMjAlN0IlMEElMjAlMjAlMjAlMjAlMjAlMjAlMjAlMjB2YXIlMjBocmVmJTIwJTNEJTIwJTI0LmF0dHIlMjh0aGlzJTJDJTIwJTI3aHJlZiUyNyUyOSUzQiUwQSUyMCUyMCUyMCUyMCUyMCUyMCUyMCUyMCUyNHJvb3QuYW5pbWF0ZSUyOCU3QiUwQSUyMCUyMCUyMCUyMCUyMCUyMCUyMCUyMCUyMCUyMCUyMCUyMHNjcm9sbFRvcCUzQSUyMCUyNCUyOGhyZWYlMjkub2Zmc2V0JTI4JTI5LnRvcCUwQSUyMCUyMCUyMCUyMCUyMCUyMCUyMCUyMCU3RCUyQyUyMDUwMCUyQyUyMGZ1bmN0aW9uJTIwJTI4JTI5JTIwJTdCJTBBJTIwJTIwJTIwJTIwJTIwJTIwJTIwJTIwJTIwJTIwJTIwJTIwd2luZG93LmxvY2F0aW9uLmhhc2glMjAlM0QlMjBocmVmJTNCJTBBJTIwJTIwJTIwJTIwJTIwJTIwJTIwJTIwJTdEJTI5JTNCJTBBJTIwJTIwJTIwJTIwJTIwJTIwJTIwJTIwJTIwJTBBJTIwJTIwJTIwJTIwJTIwJTIwJTIwJTIwcmV0dXJuJTIwZmFsc2UlM0IlMEElMjAlMjAlMjAlMjAlN0QlMjklM0IlMEElMjAlMEElN0QlMjklMEElM0MlMkZzY3JpcHQlM0U=[\/vc_raw_html][\/vc_column][\/vc_row][\/vc_section]<\/p>\n","protected":false},"excerpt":{"rendered":"[vc_section full_width=&#8221;stretch_row&#8221; css=&#8221;.vc_custom_1681141171252{background-image: url(http:\/\/www.sitrack.cl\/portal\/wp-content\/uploads\/sites\/3\/2023\/04\/fondo-landinng.jpg?id=1402) !important;background-position: center !important;background-repeat: no-repeat !important;background-size: cover !important;}&#8221; el_id=&#8221;banner-landing&#8221;][vc_row el_class=&#8221;boxer&#8221;][vc_column][vc_row_inner][vc_column_inner width=&#8221;3\/4&#8243;][vc_column_text css_animation=&#8221;fadeIn&#8221;] CONTROL DE SOMNOLENCIA Y DISTRACCIONES Mejora la seguridad en la conducci\u00f3n, implementando tecnolog\u00eda de \u00faltimo nivel que te permitir\u00e1 evitar accidentes. Contactar[\/vc_column_text][\/vc_column_inner][vc_column_inner width=&#8221;1\/4&#8243;][\/vc_column_inner][\/vc_row_inner][\/vc_column][\/vc_row][\/vc_section][vc_section full_width=&#8221;stretch_row&#8221; css=&#8221;.vc_custom_1574428208934{background-color: #ffffff !important;background-position: center !important;background-repeat: no-repeat !important;background-size: cover !important;}&#8221; el_id=&#8221;informacion-1-landing&#8221;][vc_row content_placement=&#8221;middle&#8221; el_class=&#8221;boxer&#8221;][vc_column width=&#8221;7\/12&#8243;][vc_row_inner][vc_column_inner][vc_column_text css_animation=&#8221;fadeInLeft&#8221;] Sistema \u00fanico&#8230; <a class=\"view-article\" href=\"https:\/\/www.sitrack.cl\/portal\/control-de-somnolencia-y-distracciones\/\">Ver art\u00edculo<\/a>","protected":false},"author":1,"featured_media":0,"parent":0,"menu_order":0,"comment_status":"closed","ping_status":"closed","template":"plantilla-landing-Virtual-Master-Drive.php","meta":[],"yoast_head":"<!-- This site is optimized with the Yoast SEO plugin v15.5 - https:\/\/yoast.com\/wordpress\/plugins\/seo\/ -->\n<meta name=\"robots\" content=\"index, follow, max-snippet:-1, max-image-preview:large, max-video-preview:-1\" \/>\n<link rel=\"canonical\" href=\"https:\/\/www.sitrack.cl\/portal\/control-de-somnolencia-y-distracciones\/\" \/>\n<meta property=\"og:locale\" content=\"es_ES\" \/>\n<meta property=\"og:type\" content=\"article\" \/>\n<meta property=\"og:title\" content=\"CONTROL DE SOMNOLENCIA Y DISTRACCIONES - Sitrack Chile\" \/>\n<meta property=\"og:description\" content=\"[vc_section full_width=&#8221;stretch_row&#8221; css=&#8221;.vc_custom_1681141171252{background-image: url(http:\/\/www.sitrack.cl\/portal\/wp-content\/uploads\/sites\/3\/2023\/04\/fondo-landinng.jpg?id=1402) !important;background-position: center !important;background-repeat: no-repeat !important;background-size: cover !important;}&#8221; el_id=&#8221;banner-landing&#8221;][vc_row el_class=&#8221;boxer&#8221;][vc_column][vc_row_inner][vc_column_inner width=&#8221;3\/4&#8243;][vc_column_text css_animation=&#8221;fadeIn&#8221;] CONTROL DE SOMNOLENCIA Y DISTRACCIONES Mejora la seguridad en la conducci\u00f3n, implementando tecnolog\u00eda de \u00faltimo nivel que te permitir\u00e1 evitar accidentes. Contactar[\/vc_column_text][\/vc_column_inner][vc_column_inner width=&#8221;1\/4&#8243;][\/vc_column_inner][\/vc_row_inner][\/vc_column][\/vc_row][\/vc_section][vc_section full_width=&#8221;stretch_row&#8221; css=&#8221;.vc_custom_1574428208934{background-color: #ffffff !important;background-position: center !important;background-repeat: no-repeat !important;background-size: cover !important;}&#8221; el_id=&#8221;informacion-1-landing&#8221;][vc_row content_placement=&#8221;middle&#8221; el_class=&#8221;boxer&#8221;][vc_column width=&#8221;7\/12&#8243;][vc_row_inner][vc_column_inner][vc_column_text css_animation=&#8221;fadeInLeft&#8221;] Sistema \u00fanico... Ver art\u00edculo\" \/>\n<meta property=\"og:url\" content=\"https:\/\/www.sitrack.cl\/portal\/control-de-somnolencia-y-distracciones\/\" \/>\n<meta property=\"og:site_name\" content=\"Sitrack Chile\" \/>\n<meta property=\"article:modified_time\" content=\"2023-05-08T21:31:39+00:00\" \/>\n<meta name=\"twitter:card\" content=\"summary\" \/>\n<meta name=\"twitter:label1\" content=\"Est. reading time\">\n\t<meta name=\"twitter:data1\" content=\"5 minutes\">\n<script type=\"application\/ld+json\" class=\"yoast-schema-graph\">{\"@context\":\"https:\/\/schema.org\",\"@graph\":[{\"@type\":\"WebSite\",\"@id\":\"https:\/\/www.sitrack.cl\/portal\/#website\",\"url\":\"https:\/\/www.sitrack.cl\/portal\/\",\"name\":\"Sitrack Chile\",\"description\":\"Soluciones Inteligentes\",\"potentialAction\":[{\"@type\":\"SearchAction\",\"target\":\"https:\/\/www.sitrack.cl\/portal\/?s={search_term_string}\",\"query-input\":\"required name=search_term_string\"}],\"inLanguage\":\"es-CL\"},{\"@type\":\"WebPage\",\"@id\":\"https:\/\/www.sitrack.cl\/portal\/control-de-somnolencia-y-distracciones\/#webpage\",\"url\":\"https:\/\/www.sitrack.cl\/portal\/control-de-somnolencia-y-distracciones\/\",\"name\":\"CONTROL DE SOMNOLENCIA Y DISTRACCIONES - Sitrack Chile\",\"isPartOf\":{\"@id\":\"https:\/\/www.sitrack.cl\/portal\/#website\"},\"datePublished\":\"2023-04-10T15:29:11+00:00\",\"dateModified\":\"2023-05-08T21:31:39+00:00\",\"inLanguage\":\"es-CL\",\"potentialAction\":[{\"@type\":\"ReadAction\",\"target\":[\"https:\/\/www.sitrack.cl\/portal\/control-de-somnolencia-y-distracciones\/\"]}]}]}<\/script>\n<!-- \/ Yoast SEO plugin. -->","_links":{"self":[{"href":"https:\/\/www.sitrack.cl\/portal\/wp-json\/wp\/v2\/pages\/1399"}],"collection":[{"href":"https:\/\/www.sitrack.cl\/portal\/wp-json\/wp\/v2\/pages"}],"about":[{"href":"https:\/\/www.sitrack.cl\/portal\/wp-json\/wp\/v2\/types\/page"}],"author":[{"embeddable":true,"href":"https:\/\/www.sitrack.cl\/portal\/wp-json\/wp\/v2\/users\/1"}],"replies":[{"embeddable":true,"href":"https:\/\/www.sitrack.cl\/portal\/wp-json\/wp\/v2\/comments?post=1399"}],"version-history":[{"count":52,"href":"https:\/\/www.sitrack.cl\/portal\/wp-json\/wp\/v2\/pages\/1399\/revisions"}],"predecessor-version":[{"id":1467,"href":"https:\/\/www.sitrack.cl\/portal\/wp-json\/wp\/v2\/pages\/1399\/revisions\/1467"}],"wp:attachment":[{"href":"https:\/\/www.sitrack.cl\/portal\/wp-json\/wp\/v2\/media?parent=1399"}],"curies":[{"name":"wp","href":"https:\/\/api.w.org\/{rel}","templated":true}]}}